{"id":154,"date":"2020-09-22T16:31:12","date_gmt":"2020-09-22T14:31:12","guid":{"rendered":"http:\/\/connec-team.fr\/?page_id=154"},"modified":"2023-06-20T18:40:21","modified_gmt":"2023-06-20T16:40:21","slug":"contact","status":"publish","type":"page","link":"https:\/\/connec-team.fr\/index.php\/contact\/","title":{"rendered":"Contact"},"content":{"rendered":"<div  data-label=\"Contact\" data-id=\"contact--1\" data-export-id=\"contact-4\" data-category=\"contact\" class=\"contact-4 content-section dark-text content-relative\" id=\"contact-1\" style=\"background-color: rgb(255, 255, 255); background-image: none; background-size: cover; background-position: center top;\"><div  class=\"\"> <div  class=\"row\"><div  class=\"col-xs-12 no-gutter-col\"> <div  data-content-shortcode=\"mesmerize_maps zoom=&quot;65&quot; shortcode=&quot;&amp;amp;lt;script src=&amp;amp;quot;https:\/\/apps.elfsight.com\/p\/platform.js&amp;amp;quot; defer&amp;amp;gt;&amp;amp;lt;\/script&amp;amp;gt; &amp;amp;lt;div class=&amp;amp;quot;elfsight-app-27ff74b5-d4f0-4196-95de-78bd3f5ed736&amp;amp;quot;&amp;amp;gt;&amp;amp;lt;\/div&amp;amp;gt;&quot;\" data-editable=\"true\" class=\"\">[<script src=\"https:\/\/apps.elfsight.com\/p\/platform.js\" defer><\/script> <div class=\"elfsight-app-27ff74b5-d4f0-4196-95de-78bd3f5ed736\"><\/div>]<\/div><\/div> <\/div><\/div> <div  class=\"section-separator-bottom\">\n    <svg  class=\"section-separator-bottom\" data-separator-name=\"triangle-asymmetrical-negative\" preserveAspectRatio=\"none\" viewBox=\"0 0 1000 100\" xmlns=\"http:\/\/www.w3.org\/2000\/svg\">\n        <path  class=\"svg-white-bg\" d=\"M737.9,94.7L0,0v100h1000V0L737.9,94.7z\"><\/path>\n    <\/svg>\n<\/div><\/div><div  data-label=\"Contact\" data-id=\"contact--2\" data-export-id=\"contact-6\" data-category=\"contact\" class=\"contact-5 content-section content-section-spacing white-text\" id=\"contact-2\" style=\"background-color: rgb(28, 37, 41); background-image: none;\"><div  class=\"gridContainer\"> <div  class=\"row text-center\"><div  class=\"section-title-col\" data-type=\"column\"> <h2  class=\"\">Rendez-nous visite<\/h2> <p  class=\"lead\">2.000 m\u00b2 de locaux, une synergie des services et un show-room diversifi\u00e9 dans un espace d\u00e9di\u00e9 !<\/p><\/div> <\/div> <div  class=\"row middle-sm\"> <div  class=\"col-xs-12 col-sm-6 image-holder space-bottom-xs\"> <div  data-content-shortcode=\"mesmerize_maps address=&quot;123 rue de cond\u00e9 59000 Lille&quot; zoom=&quot;90&quot;\" data-editable=\"true\" class=\"shadow-medium\">        <div class=\"mesmerize-google-maps\" style=\"width:100%\">\n            <iframe style=\"width:100%; height:100%;min-height:inherit;display:block;\" src=\"https:\/\/maps.google.com\/maps?q=123%20rue%20de%20cond\u00e9%2059000%20Lille&#038;z=19&#038;output=embed&#038;iwloc=near\"><\/iframe>\n        <\/div>\n    <\/div><\/div> <div  class=\"col-xs-12 col-sm-6\"><div  class=\"row middle-sm\"> <div  data-type=\"column\" class=\"col-xs-12 space-bottom-small\"><h3  class=\"color1\">Pour profiter\n<br >de cette opportunit\u00e9 !<\/h3><\/div> <\/div> <div  class=\"row middle-sm\" data-type=\"row\"> <div  class=\"col-xs-12 space-bottom-small\"> <div  class=\"row\"> <div  data-type=\"column\" class=\"col-xs-12 col-sm-fit label-col\"> <h5  class=\"\">Adresse:<\/h5><\/div> <div  data-type=\"column\" class=\"col-xs-12 col-sm\"><p  class=\"\">Si\u00e9ge social :<br >\nImmeuble l\u2019ARSENAL 123, rue de Cond\u00e9<br >\nBP 446 59021 LILLE Cedex\n<br ><br >\nAgence DURY :<br >\n80, route nationale<br >\n80480 DURY<\/p><\/div> <\/div><\/div> <div  class=\"col-xs-12 space-bottom-small\"><div  class=\"row\"> <div  data-type=\"column\" class=\"col-xs-12 col-sm-fit label-col\"><h5  class=\"\">T\u00e9l\u00e9phone:<\/h5><\/div> <div  data-type=\"column\" class=\"col-xs-12 col-sm\"><p  class=\"\">03 20 30 38 70<\/p><\/div> <\/div><\/div>  <\/div> <\/div><\/div> <\/div><\/div><div  data-label=\"Cta\" data-id=\"cta--1\" data-export-id=\"cta-blue-section\" data-category=\"cta\" class=\"cta-blue-section content-section content-section-spacing-medium bg-color1 white-text\" id=\"cta-1\" style=\"background-image: none; background-color: rgb(154, 221, 15);\"><div  class=\"gridContainer\"> <div  class=\"row middle-xs\"><div  class=\"col-sm-8 space-bottom-xs\" data-type=\"column\"> <h2  class=\"\">Pour profiter\n<br >de cette opportunit\u00e9 !<\/h2> <\/div> <div  class=\"col-sm-4 end-sm\" data-type=\"column\"> <a class=\"button color1\" href=\"mailto:contact@it-and-you.fr\" target=\"_self\" data-cp-link=\"1\" data-icon=\"fa-send\" rel=\"noopener\"><span  class=\"button-icon fa fa-send\"><\/span>Contactez-nous !<\/a><\/div> <\/div><\/div> <\/div>","protected":false},"excerpt":{"rendered":"<p>Rendez-nous visite 2.000 m\u00b2 de locaux, une synergie des services et un show-room diversifi\u00e9 dans un espace d\u00e9di\u00e9 ! Pour profiter de cette opportunit\u00e9 ! Adresse: Si\u00e9ge social : Immeuble l\u2019ARSENAL 123, rue de Cond\u00e9 BP 446 59021 LILLE Cedex Agence DURY : 80, route nationale 80480 DURY T\u00e9l\u00e9phone: 03 20 30 38 70 Pour&hellip; <br \/> <a class=\"read-more\" href=\"https:\/\/connec-team.fr\/index.php\/contact\/\">Read more<\/a><\/p>\n","protected":false},"author":1,"featured_media":0,"parent":0,"menu_order":0,"comment_status":"closed","ping_status":"closed","template":"pro\/page-templates\/full-width-page.php","meta":[],"_links":{"self":[{"href":"https:\/\/connec-team.fr\/index.php\/wp-json\/wp\/v2\/pages\/154"}],"collection":[{"href":"https:\/\/connec-team.fr\/index.php\/wp-json\/wp\/v2\/pages"}],"about":[{"href":"https:\/\/connec-team.fr\/index.php\/wp-json\/wp\/v2\/types\/page"}],"author":[{"embeddable":true,"href":"https:\/\/connec-team.fr\/index.php\/wp-json\/wp\/v2\/users\/1"}],"replies":[{"embeddable":true,"href":"https:\/\/connec-team.fr\/index.php\/wp-json\/wp\/v2\/comments?post=154"}],"version-history":[{"count":7,"href":"https:\/\/connec-team.fr\/index.php\/wp-json\/wp\/v2\/pages\/154\/revisions"}],"predecessor-version":[{"id":462,"href":"https:\/\/connec-team.fr\/index.php\/wp-json\/wp\/v2\/pages\/154\/revisions\/462"}],"wp:attachment":[{"href":"https:\/\/connec-team.fr\/index.php\/wp-json\/wp\/v2\/media?parent=154"}],"curies":[{"name":"wp","href":"https:\/\/api.w.org\/{rel}","templated":true}]}}